{"id":21,"date":"2024-03-12T22:18:30","date_gmt":"2024-03-12T22:18:30","guid":{"rendered":"https:\/\/zoldfas.hu\/?page_id=21"},"modified":"2025-10-14T07:53:27","modified_gmt":"2025-10-14T07:53:27","slug":"programok-es-latnivalok","status":"publish","type":"page","link":"https:\/\/zoldfas.hu\/?page_id=21","title":{"rendered":"L\u00e1tnival\u00f3k"},"content":{"rendered":"\n<div class=\"wp-block-media-text is-stacked-on-mobile\"><figure class=\"wp-block-media-text__media\"><img fetchpriority=\"high\" decoding=\"async\" width=\"1024\" height=\"1024\" src=\"https:\/\/zoldfas.hu\/wp-content\/uploads\/2024\/04\/image.jpeg\" alt=\"\" class=\"wp-image-554 size-full\" srcset=\"https:\/\/zoldfas.hu\/wp-content\/uploads\/2024\/04\/image.jpeg 1024w, https:\/\/zoldfas.hu\/wp-content\/uploads\/2024\/04\/image-300x300.jpeg 300w, https:\/\/zoldfas.hu\/wp-content\/uploads\/2024\/04\/image-150x150.jpeg 150w, https:\/\/zoldfas.hu\/wp-content\/uploads\/2024\/04\/image-768x768.jpeg 768w\" sizes=\"(max-width: 1024px) 100vw, 1024px\" \/><\/figure><div class=\"wp-block-media-text__content\">\n<p class=\"has-text-align-center\">Szeged k\u00f6zels\u00e9ge nagyszer\u0171 lehet\u0151s\u00e9geket biztos\u00edt Vend\u00e9geinknek, hiszen 15-20 perces utaz\u00e1ssal m\u00e1r a v\u00e1ros sz\u00edv\u00e9ben, a D\u00f3m t\u00e9ren lehetnek. Ugyanakkor nem csak Szeged fontos turisztikai desztin\u00e1ci\u00f3 a r\u00e9gi\u00f3ban. M\u00f3rahalom, Mak\u00f3 vagy Sziks\u00f3sf\u00fcrd\u0151 is nagyon j\u00f3 \u00e9s v\u00e1ltozatos programokat k\u00edn\u00e1l az odal\u00e1togat\u00f3knak.<\/p>\n<\/div><\/div>\n\n\n\n<p><\/p>\n\n\n\n<hr class=\"wp-block-separator has-alpha-channel-opacity\"\/>\n\n\n\n<p><\/p>\n\n\n\n<p class=\"has-text-align-center\"><strong>Int\u00e9zm\u00e9ny\u00fcnk az al\u00e1bbi k\u00f6zeli desztin\u00e1ci\u00f3kat aj\u00e1nlja.<\/strong><\/p>\n\n\n\n<div class=\"wp-block-buttons is-content-justification-center is-layout-flex wp-container-core-buttons-is-layout-16018d1d wp-block-buttons-is-layout-flex\">\n<div class=\"wp-block-button is-style-outline is-style-outline--1\"><a class=\"wp-block-button__link wp-element-button\" href=\"https:\/\/domlatogatokozpont.hu\/\" target=\"_blank\" rel=\"noreferrer noopener\">D\u00f3m L\u00e1togat\u00f3k\u00f6zpont Szeged<\/a><\/div>\n\n\n\n<div class=\"wp-block-button is-style-outline is-style-outline--2\"><a class=\"wp-block-button__link wp-element-button\" href=\"https:\/\/moramuzeum.hu\/\" target=\"_blank\" rel=\"noreferrer noopener\">M\u00f3ra Ferenc M\u00fazeum Szeged<\/a><\/div>\n\n\n\n<div class=\"wp-block-button is-style-outline is-style-outline--3\"><a class=\"wp-block-button__link wp-element-button\" href=\"https:\/\/zooszeged.hu\/\" target=\"_blank\" rel=\"noreferrer noopener\">Szegedi Vadaspark<\/a><\/div>\n\n\n\n<div class=\"wp-block-button is-style-outline is-style-outline--4\"><a class=\"wp-block-button__link wp-element-button\" href=\"https:\/\/www.napfenyfurdoaquapolis.com\/hu\/fooldal\/\" target=\"_blank\" rel=\"noreferrer noopener\">Napf\u00e9nyf\u00fcrd\u0151 Aquapolis Szeged<\/a><\/div>\n\n\n\n<div class=\"wp-block-button is-style-outline is-style-outline--5\"><a class=\"wp-block-button__link wp-element-button\" href=\"https:\/\/www.szegedsport.hu\/intezmenyek\/sziksosfurdo-strand-es-kemping\" target=\"_blank\" rel=\"noreferrer noopener\">Sziks\u00f3sf\u00fcrd\u0151 strand<\/a><\/div>\n\n\n\n<div class=\"wp-block-button is-style-outline is-style-outline--6\"><a class=\"wp-block-button__link wp-element-button\" href=\"https:\/\/erzsebetfurdo.morahalom.hu\/\" target=\"_blank\" rel=\"noreferrer noopener\">Erzs\u00e9betf\u00fcrd\u0151 M\u00f3rahalom<\/a><\/div>\n\n\n\n<div class=\"wp-block-button is-style-outline is-style-outline--7\"><a class=\"wp-block-button__link wp-element-button\" href=\"https:\/\/ezerevparkja.hu\/\" target=\"_blank\" rel=\"noreferrer noopener\">Ezer \u00c9v Parkja M\u00f3rahalom<\/a><\/div>\n\n\n\n<div class=\"wp-block-button is-style-outline is-style-outline--8\"><a class=\"wp-block-button__link wp-element-button\" href=\"https:\/\/hagymatikum.hu\/\" target=\"_blank\" rel=\"noreferrer noopener\">Hagymatikum f\u00fcrd\u0151 Mak\u00f3<\/a><\/div>\n\n\n\n<div class=\"wp-block-button is-style-outline is-style-outline--9\"><a class=\"wp-block-button__link wp-element-button\" href=\"https:\/\/www.domaszek.hu\/intezmenyek\/vasutmuzeum\/\" target=\"_blank\" rel=\"noreferrer noopener\">Domasz\u00e9k vas\u00fatm\u00fazeum<\/a><\/div>\n\n\n\n<div class=\"wp-block-button is-style-outline is-style-outline--10\"><a class=\"wp-block-button__link wp-element-button\" href=\"https:\/\/szegedidinopark.hu\/\" target=\"_blank\" rel=\"noreferrer noopener\">Szegedi Din\u00f3 Park<\/a><\/div>\n\n\n\n<div class=\"wp-block-button is-style-outline is-style-outline--11\"><a class=\"wp-block-button__link wp-element-button\" href=\"https:\/\/www.dino-park.hu\/\" target=\"_blank\" rel=\"noreferrer noopener\">\u00c1sotthalmi Din\u00f3 Park<\/a><\/div>\n\n\n\n<div class=\"wp-block-button is-style-outline is-style-outline--12\"><a class=\"wp-block-button__link wp-element-button\" href=\"https:\/\/szarmatapark.hu\/\" target=\"_blank\" rel=\"noreferrer noopener\">Szarmata R\u00e9g\u00e9szeti Park Bord\u00e1ny<\/a><\/div>\n<\/div>\n\n\n\n<p><\/p>\n","protected":false},"excerpt":{"rendered":"<p>Szeged k\u00f6zels\u00e9ge nagyszer\u0171 lehet\u0151s\u00e9geket biztos\u00edt Vend\u00e9geinknek, hiszen 15-20 perces utaz\u00e1ssal m\u00e1r a v\u00e1ros sz\u00edv\u00e9ben, a D\u00f3m t\u00e9ren lehetnek. Ugyanakkor nem csak Szeged fontos turisztikai desztin\u00e1ci\u00f3 a r\u00e9gi\u00f3ban. M\u00f3rahalom, Mak\u00f3 vagy Sziks\u00f3sf\u00fcrd\u0151 is nagyon j\u00f3 \u00e9s v\u00e1ltozatos programokat k\u00edn\u00e1l az odal\u00e1togat\u00f3knak. Int\u00e9zm\u00e9ny\u00fcnk az al\u00e1bbi k\u00f6zeli desztin\u00e1ci\u00f3kat aj\u00e1nlja.<\/p>\n","protected":false},"author":1,"featured_media":0,"parent":0,"menu_order":0,"comment_status":"closed","ping_status":"closed","template":"","meta":{"ngg_post_thumbnail":0,"footnotes":""},"class_list":["post-21","page","type-page","status-publish","hentry"],"yoast_head":"<!-- This site is optimized with the Yoast SEO plugin v27.5 - https:\/\/yoast.com\/product\/yoast-seo-wordpress\/ -->\n<title>L\u00e1tnival\u00f3k - Z\u00f6ldf\u00e1s Lelkigyakorlatos H\u00e1z \u00e9s Ifj\u00fas\u00e1gi T\u00e1borhelysz\u00edn<\/title>\n<meta name=\"robots\" content=\"index, follow, max-snippet:-1, max-image-preview:large, max-video-preview:-1\" \/>\n<link rel=\"canonical\" href=\"https:\/\/zoldfas.hu\/?page_id=21\" \/>\n<meta property=\"og:locale\" content=\"hu_HU\" \/>\n<meta property=\"og:type\" content=\"article\" \/>\n<meta property=\"og:title\" content=\"L\u00e1tnival\u00f3k - Z\u00f6ldf\u00e1s Lelkigyakorlatos H\u00e1z \u00e9s Ifj\u00fas\u00e1gi T\u00e1borhelysz\u00edn\" \/>\n<meta property=\"og:description\" content=\"Szeged k\u00f6zels\u00e9ge nagyszer\u0171 lehet\u0151s\u00e9geket biztos\u00edt Vend\u00e9geinknek, hiszen 15-20 perces utaz\u00e1ssal m\u00e1r a v\u00e1ros sz\u00edv\u00e9ben, a D\u00f3m t\u00e9ren lehetnek. Ugyanakkor nem csak Szeged fontos turisztikai desztin\u00e1ci\u00f3 a r\u00e9gi\u00f3ban. M\u00f3rahalom, Mak\u00f3 vagy Sziks\u00f3sf\u00fcrd\u0151 is nagyon j\u00f3 \u00e9s v\u00e1ltozatos programokat k\u00edn\u00e1l az odal\u00e1togat\u00f3knak. Int\u00e9zm\u00e9ny\u00fcnk az al\u00e1bbi k\u00f6zeli desztin\u00e1ci\u00f3kat aj\u00e1nlja.\" \/>\n<meta property=\"og:url\" content=\"https:\/\/zoldfas.hu\/?page_id=21\" \/>\n<meta property=\"og:site_name\" content=\"Z\u00f6ldf\u00e1s Lelkigyakorlatos H\u00e1z \u00e9s Ifj\u00fas\u00e1gi T\u00e1borhelysz\u00edn\" \/>\n<meta property=\"article:publisher\" content=\"https:\/\/www.facebook.com\/zoldfas\" \/>\n<meta property=\"article:modified_time\" content=\"2025-10-14T07:53:27+00:00\" \/>\n<meta property=\"og:image\" content=\"https:\/\/zoldfas.hu\/wp-content\/uploads\/2024\/04\/image.jpeg\" \/>\n\t<meta property=\"og:image:width\" content=\"1024\" \/>\n\t<meta property=\"og:image:height\" content=\"1024\" \/>\n\t<meta property=\"og:image:type\" content=\"image\/jpeg\" \/>\n<meta name=\"twitter:card\" content=\"summary_large_image\" \/>\n<meta name=\"twitter:label1\" content=\"Becs\u00fclt olvas\u00e1si id\u0151\" \/>\n\t<meta name=\"twitter:data1\" content=\"1 perc\" \/>\n<script type=\"application\/ld+json\" class=\"yoast-schema-graph\">{\"@context\":\"https:\\\/\\\/schema.org\",\"@graph\":[{\"@type\":\"WebPage\",\"@id\":\"https:\\\/\\\/zoldfas.hu\\\/?page_id=21\",\"url\":\"https:\\\/\\\/zoldfas.hu\\\/?page_id=21\",\"name\":\"L\u00e1tnival\u00f3k - Z\u00f6ldf\u00e1s Lelkigyakorlatos H\u00e1z \u00e9s Ifj\u00fas\u00e1gi T\u00e1borhelysz\u00edn\",\"isPartOf\":{\"@id\":\"https:\\\/\\\/zoldfas.hu\\\/#website\"},\"primaryImageOfPage\":{\"@id\":\"https:\\\/\\\/zoldfas.hu\\\/?page_id=21#primaryimage\"},\"image\":{\"@id\":\"https:\\\/\\\/zoldfas.hu\\\/?page_id=21#primaryimage\"},\"thumbnailUrl\":\"https:\\\/\\\/zoldfas.hu\\\/wp-content\\\/uploads\\\/2024\\\/04\\\/image.jpeg\",\"datePublished\":\"2024-03-12T22:18:30+00:00\",\"dateModified\":\"2025-10-14T07:53:27+00:00\",\"breadcrumb\":{\"@id\":\"https:\\\/\\\/zoldfas.hu\\\/?page_id=21#breadcrumb\"},\"inLanguage\":\"hu\",\"potentialAction\":[{\"@type\":\"ReadAction\",\"target\":[\"https:\\\/\\\/zoldfas.hu\\\/?page_id=21\"]}]},{\"@type\":\"ImageObject\",\"inLanguage\":\"hu\",\"@id\":\"https:\\\/\\\/zoldfas.hu\\\/?page_id=21#primaryimage\",\"url\":\"https:\\\/\\\/zoldfas.hu\\\/wp-content\\\/uploads\\\/2024\\\/04\\\/image.jpeg\",\"contentUrl\":\"https:\\\/\\\/zoldfas.hu\\\/wp-content\\\/uploads\\\/2024\\\/04\\\/image.jpeg\",\"width\":1024,\"height\":1024},{\"@type\":\"BreadcrumbList\",\"@id\":\"https:\\\/\\\/zoldfas.hu\\\/?page_id=21#breadcrumb\",\"itemListElement\":[{\"@type\":\"ListItem\",\"position\":1,\"name\":\"Kezd\u0151lap\",\"item\":\"https:\\\/\\\/zoldfas.hu\\\/\"},{\"@type\":\"ListItem\",\"position\":2,\"name\":\"L\u00e1tnival\u00f3k\"}]},{\"@type\":\"WebSite\",\"@id\":\"https:\\\/\\\/zoldfas.hu\\\/#website\",\"url\":\"https:\\\/\\\/zoldfas.hu\\\/\",\"name\":\"Z\u00f6ldf\u00e1s\",\"description\":\"Z\u00f6ldf\u00e1s Lelkigyakorlatos H\u00e1z \u00e9s Ifj\u00fas\u00e1gi T\u00e1borhelysz\u00edn\",\"publisher\":{\"@id\":\"https:\\\/\\\/zoldfas.hu\\\/#organization\"},\"potentialAction\":[{\"@type\":\"SearchAction\",\"target\":{\"@type\":\"EntryPoint\",\"urlTemplate\":\"https:\\\/\\\/zoldfas.hu\\\/?s={search_term_string}\"},\"query-input\":{\"@type\":\"PropertyValueSpecification\",\"valueRequired\":true,\"valueName\":\"search_term_string\"}}],\"inLanguage\":\"hu\"},{\"@type\":\"Organization\",\"@id\":\"https:\\\/\\\/zoldfas.hu\\\/#organization\",\"name\":\"SZEKI\",\"url\":\"https:\\\/\\\/zoldfas.hu\\\/\",\"logo\":{\"@type\":\"ImageObject\",\"inLanguage\":\"hu\",\"@id\":\"https:\\\/\\\/zoldfas.hu\\\/#\\\/schema\\\/logo\\\/image\\\/\",\"url\":\"https:\\\/\\\/zoldfas.hu\\\/wp-content\\\/uploads\\\/2024\\\/03\\\/kateklogo-2023_logo-1.png\",\"contentUrl\":\"https:\\\/\\\/zoldfas.hu\\\/wp-content\\\/uploads\\\/2024\\\/03\\\/kateklogo-2023_logo-1.png\",\"width\":591,\"height\":591,\"caption\":\"SZEKI\"},\"image\":{\"@id\":\"https:\\\/\\\/zoldfas.hu\\\/#\\\/schema\\\/logo\\\/image\\\/\"},\"sameAs\":[\"https:\\\/\\\/www.facebook.com\\\/zoldfas\"]}]}<\/script>\n<!-- \/ Yoast SEO plugin. -->","yoast_head_json":{"title":"L\u00e1tnival\u00f3k - Z\u00f6ldf\u00e1s Lelkigyakorlatos H\u00e1z \u00e9s Ifj\u00fas\u00e1gi T\u00e1borhelysz\u00edn","robots":{"index":"index","follow":"follow","max-snippet":"max-snippet:-1","max-image-preview":"max-image-preview:large","max-video-preview":"max-video-preview:-1"},"canonical":"https:\/\/zoldfas.hu\/?page_id=21","og_locale":"hu_HU","og_type":"article","og_title":"L\u00e1tnival\u00f3k - Z\u00f6ldf\u00e1s Lelkigyakorlatos H\u00e1z \u00e9s Ifj\u00fas\u00e1gi T\u00e1borhelysz\u00edn","og_description":"Szeged k\u00f6zels\u00e9ge nagyszer\u0171 lehet\u0151s\u00e9geket biztos\u00edt Vend\u00e9geinknek, hiszen 15-20 perces utaz\u00e1ssal m\u00e1r a v\u00e1ros sz\u00edv\u00e9ben, a D\u00f3m t\u00e9ren lehetnek. Ugyanakkor nem csak Szeged fontos turisztikai desztin\u00e1ci\u00f3 a r\u00e9gi\u00f3ban. M\u00f3rahalom, Mak\u00f3 vagy Sziks\u00f3sf\u00fcrd\u0151 is nagyon j\u00f3 \u00e9s v\u00e1ltozatos programokat k\u00edn\u00e1l az odal\u00e1togat\u00f3knak. Int\u00e9zm\u00e9ny\u00fcnk az al\u00e1bbi k\u00f6zeli desztin\u00e1ci\u00f3kat aj\u00e1nlja.","og_url":"https:\/\/zoldfas.hu\/?page_id=21","og_site_name":"Z\u00f6ldf\u00e1s Lelkigyakorlatos H\u00e1z \u00e9s Ifj\u00fas\u00e1gi T\u00e1borhelysz\u00edn","article_publisher":"https:\/\/www.facebook.com\/zoldfas","article_modified_time":"2025-10-14T07:53:27+00:00","og_image":[{"width":1024,"height":1024,"url":"https:\/\/zoldfas.hu\/wp-content\/uploads\/2024\/04\/image.jpeg","type":"image\/jpeg"}],"twitter_card":"summary_large_image","twitter_misc":{"Becs\u00fclt olvas\u00e1si id\u0151":"1 perc"},"schema":{"@context":"https:\/\/schema.org","@graph":[{"@type":"WebPage","@id":"https:\/\/zoldfas.hu\/?page_id=21","url":"https:\/\/zoldfas.hu\/?page_id=21","name":"L\u00e1tnival\u00f3k - Z\u00f6ldf\u00e1s Lelkigyakorlatos H\u00e1z \u00e9s Ifj\u00fas\u00e1gi T\u00e1borhelysz\u00edn","isPartOf":{"@id":"https:\/\/zoldfas.hu\/#website"},"primaryImageOfPage":{"@id":"https:\/\/zoldfas.hu\/?page_id=21#primaryimage"},"image":{"@id":"https:\/\/zoldfas.hu\/?page_id=21#primaryimage"},"thumbnailUrl":"https:\/\/zoldfas.hu\/wp-content\/uploads\/2024\/04\/image.jpeg","datePublished":"2024-03-12T22:18:30+00:00","dateModified":"2025-10-14T07:53:27+00:00","breadcrumb":{"@id":"https:\/\/zoldfas.hu\/?page_id=21#breadcrumb"},"inLanguage":"hu","potentialAction":[{"@type":"ReadAction","target":["https:\/\/zoldfas.hu\/?page_id=21"]}]},{"@type":"ImageObject","inLanguage":"hu","@id":"https:\/\/zoldfas.hu\/?page_id=21#primaryimage","url":"https:\/\/zoldfas.hu\/wp-content\/uploads\/2024\/04\/image.jpeg","contentUrl":"https:\/\/zoldfas.hu\/wp-content\/uploads\/2024\/04\/image.jpeg","width":1024,"height":1024},{"@type":"BreadcrumbList","@id":"https:\/\/zoldfas.hu\/?page_id=21#breadcrumb","itemListElement":[{"@type":"ListItem","position":1,"name":"Kezd\u0151lap","item":"https:\/\/zoldfas.hu\/"},{"@type":"ListItem","position":2,"name":"L\u00e1tnival\u00f3k"}]},{"@type":"WebSite","@id":"https:\/\/zoldfas.hu\/#website","url":"https:\/\/zoldfas.hu\/","name":"Z\u00f6ldf\u00e1s","description":"Z\u00f6ldf\u00e1s Lelkigyakorlatos H\u00e1z \u00e9s Ifj\u00fas\u00e1gi T\u00e1borhelysz\u00edn","publisher":{"@id":"https:\/\/zoldfas.hu\/#organization"},"potentialAction":[{"@type":"SearchAction","target":{"@type":"EntryPoint","urlTemplate":"https:\/\/zoldfas.hu\/?s={search_term_string}"},"query-input":{"@type":"PropertyValueSpecification","valueRequired":true,"valueName":"search_term_string"}}],"inLanguage":"hu"},{"@type":"Organization","@id":"https:\/\/zoldfas.hu\/#organization","name":"SZEKI","url":"https:\/\/zoldfas.hu\/","logo":{"@type":"ImageObject","inLanguage":"hu","@id":"https:\/\/zoldfas.hu\/#\/schema\/logo\/image\/","url":"https:\/\/zoldfas.hu\/wp-content\/uploads\/2024\/03\/kateklogo-2023_logo-1.png","contentUrl":"https:\/\/zoldfas.hu\/wp-content\/uploads\/2024\/03\/kateklogo-2023_logo-1.png","width":591,"height":591,"caption":"SZEKI"},"image":{"@id":"https:\/\/zoldfas.hu\/#\/schema\/logo\/image\/"},"sameAs":["https:\/\/www.facebook.com\/zoldfas"]}]}},"_links":{"self":[{"href":"https:\/\/zoldfas.hu\/index.php?rest_route=\/wp\/v2\/pages\/21","targetHints":{"allow":["GET"]}}],"collection":[{"href":"https:\/\/zoldfas.hu\/index.php?rest_route=\/wp\/v2\/pages"}],"about":[{"href":"https:\/\/zoldfas.hu\/index.php?rest_route=\/wp\/v2\/types\/page"}],"author":[{"embeddable":true,"href":"https:\/\/zoldfas.hu\/index.php?rest_route=\/wp\/v2\/users\/1"}],"replies":[{"embeddable":true,"href":"https:\/\/zoldfas.hu\/index.php?rest_route=%2Fwp%2Fv2%2Fcomments&post=21"}],"version-history":[{"count":13,"href":"https:\/\/zoldfas.hu\/index.php?rest_route=\/wp\/v2\/pages\/21\/revisions"}],"predecessor-version":[{"id":1538,"href":"https:\/\/zoldfas.hu\/index.php?rest_route=\/wp\/v2\/pages\/21\/revisions\/1538"}],"wp:attachment":[{"href":"https:\/\/zoldfas.hu\/index.php?rest_route=%2Fwp%2Fv2%2Fmedia&parent=21"}],"curies":[{"name":"wp","href":"https:\/\/api.w.org\/{rel}","templated":true}]}}