{"id":75,"date":"2024-03-17T21:56:35","date_gmt":"2024-03-17T21:56:35","guid":{"rendered":"https:\/\/zoldfas.hu\/?page_id=75"},"modified":"2026-04-23T08:17:35","modified_gmt":"2026-04-23T08:17:35","slug":"szallas","status":"publish","type":"page","link":"https:\/\/zoldfas.hu\/?page_id=75","title":{"rendered":"Szobat\u00edpusok"},"content":{"rendered":"\n<p>Lelkigyakorlatos H\u00e1zunk soksz\u00edn\u0171 elhelyez\u00e9si form\u00e1val rendelkezik. 129 f\u0151 elsz\u00e1ll\u00e1sol\u00e1s\u00e1ra van lehet\u0151s\u00e9g\u00fcnk, egy illetve n\u00e9gy szem\u00e9lyes szob\u00e1kban, h\u00e1l\u00f3termekben vagy a parkban elhelyezked\u0151, f\u00e1kkal \u00f6vezett 4 f\u0151s kish\u00e1zakban. A Szent Istv\u00e1n H\u00e1z (f\u0151\u00e9p\u00fclet) szob\u00e1i k\u00e9rhet\u0151k \u00e1gynem\u0171vel is. A Szent Imre H\u00e1z h\u00e1l\u00f3termeibe \u00e9s a t\u00e1bori h\u00e1zakba \u00e9rdemes h\u00e1l\u00f3zs\u00e1kot hozni. L\u00e9tes\u00edtm\u00e9ny\u00fcnk egyik \u00e9p\u00fclet\u00e9ben sem biztos\u00edtott a t\u00f6r\u00f6lk\u00f6z\u0151.<\/p>\n\n\n\n<p><\/p>\n\n\n\n<p>A megrendel\u00e9s v\u00e9gleges\u00edt\u00e9s\u00e9hez a kit\u00f6lt\u00f6tt megrendel\u0151lap e-mailben t\u00f6rt\u00e9n\u0151 visszak\u00fcld\u00e9se sz\u00fcks\u00e9ges. (info@zoldfas.hu)<\/p>\n\n\n\n<hr class=\"wp-block-separator has-alpha-channel-opacity\"\/>\n\n\n\n<div class=\"wp-block-buttons is-content-justification-center is-layout-flex wp-container-core-buttons-is-layout-14c487f4 wp-block-buttons-is-layout-flex\">\n<div class=\"wp-block-button\"><a class=\"wp-block-button__link has-text-align-center wp-element-button\" href=\"https:\/\/zoldfas.hu\/wp-content\/uploads\/2026\/04\/Szallas-megrendelolap-Zoldfas.pdf\" target=\"_blank\" rel=\"noreferrer noopener\">Sz\u00e1ll\u00e1shely megrendel\u0151 let\u00f6lt\u00e9se<\/a><\/div>\n\n\n\n<div class=\"wp-block-button\"><a class=\"wp-block-button__link wp-element-button\" href=\"https:\/\/zoldfas.hu\/wp-content\/uploads\/2025\/09\/Etkezes-megrendelolap-Zoldfas.pdf\" target=\"_blank\" rel=\"noreferrer noopener\">\u00c9tkez\u00e9s megrendel\u0151 let\u00f6lt\u00e9se<\/a><\/div>\n<\/div>\n\n\n\n<p><\/p>\n\n\n\n<hr class=\"wp-block-separator has-alpha-channel-opacity\"\/>\n\n\n\n<p><\/p>\n\n\n\n<div class=\"wp-block-media-text is-stacked-on-mobile\"><figure class=\"wp-block-media-text__media\"><img fetchpriority=\"high\" decoding=\"async\" width=\"1024\" height=\"683\" src=\"https:\/\/zoldfas.hu\/wp-content\/uploads\/2025\/01\/6M29577-HDR-1024x683.jpg\" alt=\"\" class=\"wp-image-1189 size-full\" srcset=\"https:\/\/zoldfas.hu\/wp-content\/uploads\/2025\/01\/6M29577-HDR-1024x683.jpg 1024w, https:\/\/zoldfas.hu\/wp-content\/uploads\/2025\/01\/6M29577-HDR-300x200.jpg 300w, https:\/\/zoldfas.hu\/wp-content\/uploads\/2025\/01\/6M29577-HDR-768x512.jpg 768w, https:\/\/zoldfas.hu\/wp-content\/uploads\/2025\/01\/6M29577-HDR-1536x1024.jpg 1536w, https:\/\/zoldfas.hu\/wp-content\/uploads\/2025\/01\/6M29577-HDR-2048x1365.jpg 2048w, https:\/\/zoldfas.hu\/wp-content\/uploads\/2025\/01\/6M29577-HDR-1620x1080.jpg 1620w\" sizes=\"(max-width: 1024px) 100vw, 1024px\" \/><\/figure><div class=\"wp-block-media-text__content\">\n<p class=\"has-text-align-center has-medium-font-size\"><strong>Szent Istv\u00e1n H\u00e1z<\/strong> <\/p>\n\n\n\n<p><\/p>\n\n\n\n<p class=\"has-text-align-center\">\u25cf <strong>2 db 1 f\u0151s szoba<\/strong> <strong>saj\u00e1t mosd\u00f3val<\/strong><\/p>\n\n\n\n<p class=\"has-text-align-center\">\u25cf \u00e1gynem\u0171t tudunk biztos\u00edtani d\u00edj ellen\u00e9ben<\/p>\n\n\n\n<p class=\"has-text-align-center\">\u25cf t\u00f6r\u00f6lk\u00f6z\u0151 nem \u00e1ll rendelkez\u00e9sre<\/p>\n<\/div><\/div>\n\n\n\n<p><\/p>\n\n\n\n<hr class=\"wp-block-separator has-alpha-channel-opacity\"\/>\n\n\n\n<div class=\"wp-block-media-text is-stacked-on-mobile\"><figure class=\"wp-block-media-text__media\"><img decoding=\"async\" width=\"1024\" height=\"683\" src=\"https:\/\/zoldfas.hu\/wp-content\/uploads\/2025\/01\/6M29640-HDR-Edit-1024x683.jpg\" alt=\"\" class=\"wp-image-1190 size-full\" srcset=\"https:\/\/zoldfas.hu\/wp-content\/uploads\/2025\/01\/6M29640-HDR-Edit-1024x683.jpg 1024w, https:\/\/zoldfas.hu\/wp-content\/uploads\/2025\/01\/6M29640-HDR-Edit-300x200.jpg 300w, https:\/\/zoldfas.hu\/wp-content\/uploads\/2025\/01\/6M29640-HDR-Edit-768x512.jpg 768w, https:\/\/zoldfas.hu\/wp-content\/uploads\/2025\/01\/6M29640-HDR-Edit-1536x1024.jpg 1536w, https:\/\/zoldfas.hu\/wp-content\/uploads\/2025\/01\/6M29640-HDR-Edit-2048x1365.jpg 2048w, https:\/\/zoldfas.hu\/wp-content\/uploads\/2025\/01\/6M29640-HDR-Edit-1620x1080.jpg 1620w\" sizes=\"(max-width: 1024px) 100vw, 1024px\" \/><\/figure><div class=\"wp-block-media-text__content\">\n<p class=\"has-text-align-center has-medium-font-size\"><strong>Szent Istv\u00e1n H\u00e1z<\/strong><\/p>\n\n\n\n<p><\/p>\n\n\n\n<p class=\"has-text-align-center\">\u25cf <strong>12 db 4 f\u0151s szoba<\/strong> <strong>k\u00f6z\u00f6s mosd\u00f3val<\/strong><\/p>\n\n\n\n<p class=\"has-text-align-center\">\u25cf \u00e1gynem\u0171t tudunk biztos\u00edtani d\u00edj ellen\u00e9ben<\/p>\n\n\n\n<p class=\"has-text-align-center\">\u25cf t\u00f6r\u00f6lk\u00f6z\u0151 nem \u00e1ll rendelkez\u00e9sre<\/p>\n<\/div><\/div>\n\n\n\n<p><\/p>\n\n\n\n<hr class=\"wp-block-separator has-alpha-channel-opacity\"\/>\n\n\n\n<div class=\"wp-block-media-text is-stacked-on-mobile\"><figure class=\"wp-block-media-text__media\"><img decoding=\"async\" width=\"1024\" height=\"682\" src=\"https:\/\/zoldfas.hu\/wp-content\/uploads\/2024\/03\/cropped-6M23484-Edit-2-scaled-2-1024x682.jpg\" alt=\"\" class=\"wp-image-354 size-full\" srcset=\"https:\/\/zoldfas.hu\/wp-content\/uploads\/2024\/03\/cropped-6M23484-Edit-2-scaled-2-1024x682.jpg 1024w, https:\/\/zoldfas.hu\/wp-content\/uploads\/2024\/03\/cropped-6M23484-Edit-2-scaled-2-300x200.jpg 300w, https:\/\/zoldfas.hu\/wp-content\/uploads\/2024\/03\/cropped-6M23484-Edit-2-scaled-2-768x511.jpg 768w, https:\/\/zoldfas.hu\/wp-content\/uploads\/2024\/03\/cropped-6M23484-Edit-2-scaled-2-1536x1023.jpg 1536w, https:\/\/zoldfas.hu\/wp-content\/uploads\/2024\/03\/cropped-6M23484-Edit-2-scaled-2-2048x1364.jpg 2048w, https:\/\/zoldfas.hu\/wp-content\/uploads\/2024\/03\/cropped-6M23484-Edit-2-scaled-2-1622x1080.jpg 1622w\" sizes=\"(max-width: 1024px) 100vw, 1024px\" \/><\/figure><div class=\"wp-block-media-text__content\">\n<p class=\"has-text-align-center has-medium-font-size\"><strong>Szent Imre H\u00e1z<\/strong><\/p>\n\n\n\n<p><\/p>\n\n\n\n<p class=\"has-text-align-center\">\u25cf <strong>1 db 16 f\u0151s \u00e9s 1 db 14 f\u0151s h\u00e1l\u00f3terem<\/strong><\/p>\n\n\n\n<p class=\"has-text-align-center\">\u25cf \u00e1gynem\u0171t \u00e9s t\u00f6r\u00f6lk\u00f6z\u0151t nem tudunk biztos\u00edtani<\/p>\n\n\n\n<p class=\"has-text-align-center\">\u25cf h\u00e1l\u00f3zs\u00e1kot \u00e9s t\u00f6r\u00f6lk\u00f6z\u0151t \u00e9rdemes hozni<\/p>\n<\/div><\/div>\n\n\n\n<p><\/p>\n\n\n\n<hr class=\"wp-block-separator has-alpha-channel-opacity\"\/>\n\n\n\n<p><\/p>\n\n\n\n<div class=\"wp-block-media-text is-stacked-on-mobile\"><figure class=\"wp-block-media-text__media\"><img loading=\"lazy\" decoding=\"async\" width=\"1024\" height=\"765\" src=\"https:\/\/zoldfas.hu\/wp-content\/uploads\/2024\/05\/Kishaz-belulrol-1024x765.png\" alt=\"\" class=\"wp-image-692 size-full\" srcset=\"https:\/\/zoldfas.hu\/wp-content\/uploads\/2024\/05\/Kishaz-belulrol-1024x765.png 1024w, https:\/\/zoldfas.hu\/wp-content\/uploads\/2024\/05\/Kishaz-belulrol-300x224.png 300w, https:\/\/zoldfas.hu\/wp-content\/uploads\/2024\/05\/Kishaz-belulrol-768x574.png 768w, https:\/\/zoldfas.hu\/wp-content\/uploads\/2024\/05\/Kishaz-belulrol.png 1072w\" sizes=\"(max-width: 1024px) 100vw, 1024px\" \/><\/figure><div class=\"wp-block-media-text__content\">\n<p class=\"has-text-align-center has-medium-font-size\"><strong>T\u00e1bori kish\u00e1zak<\/strong><\/p>\n\n\n\n<p><\/p>\n\n\n\n<p class=\"has-text-align-center\">\u25cf <strong>12 db 4 f\u0151s kish\u00e1z<\/strong><\/p>\n\n\n\n<p class=\"has-text-align-center\">\u25cf \u00e1gynem\u0171t \u00e9s t\u00f6r\u00f6lk\u00f6z\u0151t nem tudunk biztos\u00edtani<\/p>\n\n\n\n<p class=\"has-text-align-center\">\u25cf h\u00e1l\u00f3zs\u00e1kot \u00e9s t\u00f6r\u00f6lk\u00f6z\u0151t \u00e9rdemes hozni<\/p>\n<\/div><\/div>\n","protected":false},"excerpt":{"rendered":"<p>Lelkigyakorlatos H\u00e1zunk soksz\u00edn\u0171 elhelyez\u00e9si form\u00e1val rendelkezik. 129 f\u0151 elsz\u00e1ll\u00e1sol\u00e1s\u00e1ra van lehet\u0151s\u00e9g\u00fcnk, egy illetve n\u00e9gy szem\u00e9lyes szob\u00e1kban, h\u00e1l\u00f3termekben vagy a parkban elhelyezked\u0151, f\u00e1kkal \u00f6vezett 4 f\u0151s kish\u00e1zakban. A Szent Istv\u00e1n H\u00e1z (f\u0151\u00e9p\u00fclet) szob\u00e1i k\u00e9rhet\u0151k \u00e1gynem\u0171vel is. A Szent Imre H\u00e1z h\u00e1l\u00f3termeibe \u00e9s a t\u00e1bori h\u00e1zakba \u00e9rdemes h\u00e1l\u00f3zs\u00e1kot hozni. L\u00e9tes\u00edtm\u00e9ny\u00fcnk egyik \u00e9p\u00fclet\u00e9ben sem biztos\u00edtott a t\u00f6r\u00f6lk\u00f6z\u0151. A&hellip; <br \/> <a class=\"read-more\" href=\"https:\/\/zoldfas.hu\/?page_id=75\">Read more<\/a><\/p>\n","protected":false},"author":1,"featured_media":0,"parent":0,"menu_order":0,"comment_status":"closed","ping_status":"closed","template":"","meta":{"ngg_post_thumbnail":0,"footnotes":""},"class_list":["post-75","page","type-page","status-publish","hentry"],"yoast_head":"<!-- This site is optimized with the Yoast SEO plugin v27.5 - https:\/\/yoast.com\/product\/yoast-seo-wordpress\/ -->\n<title>Szobat\u00edpusok - Z\u00f6ldf\u00e1s Lelkigyakorlatos H\u00e1z \u00e9s Ifj\u00fas\u00e1gi T\u00e1borhelysz\u00edn<\/title>\n<meta name=\"robots\" content=\"index, follow, max-snippet:-1, max-image-preview:large, max-video-preview:-1\" \/>\n<link rel=\"canonical\" href=\"https:\/\/zoldfas.hu\/?page_id=75\" \/>\n<meta property=\"og:locale\" content=\"hu_HU\" \/>\n<meta property=\"og:type\" content=\"article\" \/>\n<meta property=\"og:title\" content=\"Szobat\u00edpusok - Z\u00f6ldf\u00e1s Lelkigyakorlatos H\u00e1z \u00e9s Ifj\u00fas\u00e1gi T\u00e1borhelysz\u00edn\" \/>\n<meta property=\"og:description\" content=\"Lelkigyakorlatos H\u00e1zunk soksz\u00edn\u0171 elhelyez\u00e9si form\u00e1val rendelkezik. 129 f\u0151 elsz\u00e1ll\u00e1sol\u00e1s\u00e1ra van lehet\u0151s\u00e9g\u00fcnk, egy illetve n\u00e9gy szem\u00e9lyes szob\u00e1kban, h\u00e1l\u00f3termekben vagy a parkban elhelyezked\u0151, f\u00e1kkal \u00f6vezett 4 f\u0151s kish\u00e1zakban. A Szent Istv\u00e1n H\u00e1z (f\u0151\u00e9p\u00fclet) szob\u00e1i k\u00e9rhet\u0151k \u00e1gynem\u0171vel is. A Szent Imre H\u00e1z h\u00e1l\u00f3termeibe \u00e9s a t\u00e1bori h\u00e1zakba \u00e9rdemes h\u00e1l\u00f3zs\u00e1kot hozni. L\u00e9tes\u00edtm\u00e9ny\u00fcnk egyik \u00e9p\u00fclet\u00e9ben sem biztos\u00edtott a t\u00f6r\u00f6lk\u00f6z\u0151. A&hellip; Read more\" \/>\n<meta property=\"og:url\" content=\"https:\/\/zoldfas.hu\/?page_id=75\" \/>\n<meta property=\"og:site_name\" content=\"Z\u00f6ldf\u00e1s Lelkigyakorlatos H\u00e1z \u00e9s Ifj\u00fas\u00e1gi T\u00e1borhelysz\u00edn\" \/>\n<meta property=\"article:publisher\" content=\"https:\/\/www.facebook.com\/zoldfas\" \/>\n<meta property=\"article:modified_time\" content=\"2026-04-23T08:17:35+00:00\" \/>\n<meta property=\"og:image\" content=\"https:\/\/zoldfas.hu\/wp-content\/uploads\/2025\/01\/6M29577-HDR-scaled.jpg\" \/>\n\t<meta property=\"og:image:width\" content=\"2560\" \/>\n\t<meta property=\"og:image:height\" content=\"1707\" \/>\n\t<meta property=\"og:image:type\" content=\"image\/jpeg\" \/>\n<meta name=\"twitter:card\" content=\"summary_large_image\" \/>\n<meta name=\"twitter:label1\" content=\"Becs\u00fclt olvas\u00e1si id\u0151\" \/>\n\t<meta name=\"twitter:data1\" content=\"2 perc\" \/>\n<script type=\"application\/ld+json\" class=\"yoast-schema-graph\">{\"@context\":\"https:\\\/\\\/schema.org\",\"@graph\":[{\"@type\":\"WebPage\",\"@id\":\"https:\\\/\\\/zoldfas.hu\\\/?page_id=75\",\"url\":\"https:\\\/\\\/zoldfas.hu\\\/?page_id=75\",\"name\":\"Szobat\u00edpusok - Z\u00f6ldf\u00e1s Lelkigyakorlatos H\u00e1z \u00e9s Ifj\u00fas\u00e1gi T\u00e1borhelysz\u00edn\",\"isPartOf\":{\"@id\":\"https:\\\/\\\/zoldfas.hu\\\/#website\"},\"primaryImageOfPage\":{\"@id\":\"https:\\\/\\\/zoldfas.hu\\\/?page_id=75#primaryimage\"},\"image\":{\"@id\":\"https:\\\/\\\/zoldfas.hu\\\/?page_id=75#primaryimage\"},\"thumbnailUrl\":\"https:\\\/\\\/zoldfas.hu\\\/wp-content\\\/uploads\\\/2025\\\/01\\\/6M29577-HDR-1024x683.jpg\",\"datePublished\":\"2024-03-17T21:56:35+00:00\",\"dateModified\":\"2026-04-23T08:17:35+00:00\",\"breadcrumb\":{\"@id\":\"https:\\\/\\\/zoldfas.hu\\\/?page_id=75#breadcrumb\"},\"inLanguage\":\"hu\",\"potentialAction\":[{\"@type\":\"ReadAction\",\"target\":[\"https:\\\/\\\/zoldfas.hu\\\/?page_id=75\"]}]},{\"@type\":\"ImageObject\",\"inLanguage\":\"hu\",\"@id\":\"https:\\\/\\\/zoldfas.hu\\\/?page_id=75#primaryimage\",\"url\":\"https:\\\/\\\/zoldfas.hu\\\/wp-content\\\/uploads\\\/2025\\\/01\\\/6M29577-HDR-scaled.jpg\",\"contentUrl\":\"https:\\\/\\\/zoldfas.hu\\\/wp-content\\\/uploads\\\/2025\\\/01\\\/6M29577-HDR-scaled.jpg\",\"width\":2560,\"height\":1707},{\"@type\":\"BreadcrumbList\",\"@id\":\"https:\\\/\\\/zoldfas.hu\\\/?page_id=75#breadcrumb\",\"itemListElement\":[{\"@type\":\"ListItem\",\"position\":1,\"name\":\"Kezd\u0151lap\",\"item\":\"https:\\\/\\\/zoldfas.hu\\\/\"},{\"@type\":\"ListItem\",\"position\":2,\"name\":\"Szobat\u00edpusok\"}]},{\"@type\":\"WebSite\",\"@id\":\"https:\\\/\\\/zoldfas.hu\\\/#website\",\"url\":\"https:\\\/\\\/zoldfas.hu\\\/\",\"name\":\"Z\u00f6ldf\u00e1s\",\"description\":\"Z\u00f6ldf\u00e1s Lelkigyakorlatos H\u00e1z \u00e9s Ifj\u00fas\u00e1gi T\u00e1borhelysz\u00edn\",\"publisher\":{\"@id\":\"https:\\\/\\\/zoldfas.hu\\\/#organization\"},\"potentialAction\":[{\"@type\":\"SearchAction\",\"target\":{\"@type\":\"EntryPoint\",\"urlTemplate\":\"https:\\\/\\\/zoldfas.hu\\\/?s={search_term_string}\"},\"query-input\":{\"@type\":\"PropertyValueSpecification\",\"valueRequired\":true,\"valueName\":\"search_term_string\"}}],\"inLanguage\":\"hu\"},{\"@type\":\"Organization\",\"@id\":\"https:\\\/\\\/zoldfas.hu\\\/#organization\",\"name\":\"SZEKI\",\"url\":\"https:\\\/\\\/zoldfas.hu\\\/\",\"logo\":{\"@type\":\"ImageObject\",\"inLanguage\":\"hu\",\"@id\":\"https:\\\/\\\/zoldfas.hu\\\/#\\\/schema\\\/logo\\\/image\\\/\",\"url\":\"https:\\\/\\\/zoldfas.hu\\\/wp-content\\\/uploads\\\/2024\\\/03\\\/kateklogo-2023_logo-1.png\",\"contentUrl\":\"https:\\\/\\\/zoldfas.hu\\\/wp-content\\\/uploads\\\/2024\\\/03\\\/kateklogo-2023_logo-1.png\",\"width\":591,\"height\":591,\"caption\":\"SZEKI\"},\"image\":{\"@id\":\"https:\\\/\\\/zoldfas.hu\\\/#\\\/schema\\\/logo\\\/image\\\/\"},\"sameAs\":[\"https:\\\/\\\/www.facebook.com\\\/zoldfas\"]}]}<\/script>\n<!-- \/ Yoast SEO plugin. -->","yoast_head_json":{"title":"Szobat\u00edpusok - Z\u00f6ldf\u00e1s Lelkigyakorlatos H\u00e1z \u00e9s Ifj\u00fas\u00e1gi T\u00e1borhelysz\u00edn","robots":{"index":"index","follow":"follow","max-snippet":"max-snippet:-1","max-image-preview":"max-image-preview:large","max-video-preview":"max-video-preview:-1"},"canonical":"https:\/\/zoldfas.hu\/?page_id=75","og_locale":"hu_HU","og_type":"article","og_title":"Szobat\u00edpusok - Z\u00f6ldf\u00e1s Lelkigyakorlatos H\u00e1z \u00e9s Ifj\u00fas\u00e1gi T\u00e1borhelysz\u00edn","og_description":"Lelkigyakorlatos H\u00e1zunk soksz\u00edn\u0171 elhelyez\u00e9si form\u00e1val rendelkezik. 129 f\u0151 elsz\u00e1ll\u00e1sol\u00e1s\u00e1ra van lehet\u0151s\u00e9g\u00fcnk, egy illetve n\u00e9gy szem\u00e9lyes szob\u00e1kban, h\u00e1l\u00f3termekben vagy a parkban elhelyezked\u0151, f\u00e1kkal \u00f6vezett 4 f\u0151s kish\u00e1zakban. A Szent Istv\u00e1n H\u00e1z (f\u0151\u00e9p\u00fclet) szob\u00e1i k\u00e9rhet\u0151k \u00e1gynem\u0171vel is. A Szent Imre H\u00e1z h\u00e1l\u00f3termeibe \u00e9s a t\u00e1bori h\u00e1zakba \u00e9rdemes h\u00e1l\u00f3zs\u00e1kot hozni. L\u00e9tes\u00edtm\u00e9ny\u00fcnk egyik \u00e9p\u00fclet\u00e9ben sem biztos\u00edtott a t\u00f6r\u00f6lk\u00f6z\u0151. A&hellip; Read more","og_url":"https:\/\/zoldfas.hu\/?page_id=75","og_site_name":"Z\u00f6ldf\u00e1s Lelkigyakorlatos H\u00e1z \u00e9s Ifj\u00fas\u00e1gi T\u00e1borhelysz\u00edn","article_publisher":"https:\/\/www.facebook.com\/zoldfas","article_modified_time":"2026-04-23T08:17:35+00:00","og_image":[{"width":2560,"height":1707,"url":"https:\/\/zoldfas.hu\/wp-content\/uploads\/2025\/01\/6M29577-HDR-scaled.jpg","type":"image\/jpeg"}],"twitter_card":"summary_large_image","twitter_misc":{"Becs\u00fclt olvas\u00e1si id\u0151":"2 perc"},"schema":{"@context":"https:\/\/schema.org","@graph":[{"@type":"WebPage","@id":"https:\/\/zoldfas.hu\/?page_id=75","url":"https:\/\/zoldfas.hu\/?page_id=75","name":"Szobat\u00edpusok - Z\u00f6ldf\u00e1s Lelkigyakorlatos H\u00e1z \u00e9s Ifj\u00fas\u00e1gi T\u00e1borhelysz\u00edn","isPartOf":{"@id":"https:\/\/zoldfas.hu\/#website"},"primaryImageOfPage":{"@id":"https:\/\/zoldfas.hu\/?page_id=75#primaryimage"},"image":{"@id":"https:\/\/zoldfas.hu\/?page_id=75#primaryimage"},"thumbnailUrl":"https:\/\/zoldfas.hu\/wp-content\/uploads\/2025\/01\/6M29577-HDR-1024x683.jpg","datePublished":"2024-03-17T21:56:35+00:00","dateModified":"2026-04-23T08:17:35+00:00","breadcrumb":{"@id":"https:\/\/zoldfas.hu\/?page_id=75#breadcrumb"},"inLanguage":"hu","potentialAction":[{"@type":"ReadAction","target":["https:\/\/zoldfas.hu\/?page_id=75"]}]},{"@type":"ImageObject","inLanguage":"hu","@id":"https:\/\/zoldfas.hu\/?page_id=75#primaryimage","url":"https:\/\/zoldfas.hu\/wp-content\/uploads\/2025\/01\/6M29577-HDR-scaled.jpg","contentUrl":"https:\/\/zoldfas.hu\/wp-content\/uploads\/2025\/01\/6M29577-HDR-scaled.jpg","width":2560,"height":1707},{"@type":"BreadcrumbList","@id":"https:\/\/zoldfas.hu\/?page_id=75#breadcrumb","itemListElement":[{"@type":"ListItem","position":1,"name":"Kezd\u0151lap","item":"https:\/\/zoldfas.hu\/"},{"@type":"ListItem","position":2,"name":"Szobat\u00edpusok"}]},{"@type":"WebSite","@id":"https:\/\/zoldfas.hu\/#website","url":"https:\/\/zoldfas.hu\/","name":"Z\u00f6ldf\u00e1s","description":"Z\u00f6ldf\u00e1s Lelkigyakorlatos H\u00e1z \u00e9s Ifj\u00fas\u00e1gi T\u00e1borhelysz\u00edn","publisher":{"@id":"https:\/\/zoldfas.hu\/#organization"},"potentialAction":[{"@type":"SearchAction","target":{"@type":"EntryPoint","urlTemplate":"https:\/\/zoldfas.hu\/?s={search_term_string}"},"query-input":{"@type":"PropertyValueSpecification","valueRequired":true,"valueName":"search_term_string"}}],"inLanguage":"hu"},{"@type":"Organization","@id":"https:\/\/zoldfas.hu\/#organization","name":"SZEKI","url":"https:\/\/zoldfas.hu\/","logo":{"@type":"ImageObject","inLanguage":"hu","@id":"https:\/\/zoldfas.hu\/#\/schema\/logo\/image\/","url":"https:\/\/zoldfas.hu\/wp-content\/uploads\/2024\/03\/kateklogo-2023_logo-1.png","contentUrl":"https:\/\/zoldfas.hu\/wp-content\/uploads\/2024\/03\/kateklogo-2023_logo-1.png","width":591,"height":591,"caption":"SZEKI"},"image":{"@id":"https:\/\/zoldfas.hu\/#\/schema\/logo\/image\/"},"sameAs":["https:\/\/www.facebook.com\/zoldfas"]}]}},"_links":{"self":[{"href":"https:\/\/zoldfas.hu\/index.php?rest_route=\/wp\/v2\/pages\/75","targetHints":{"allow":["GET"]}}],"collection":[{"href":"https:\/\/zoldfas.hu\/index.php?rest_route=\/wp\/v2\/pages"}],"about":[{"href":"https:\/\/zoldfas.hu\/index.php?rest_route=\/wp\/v2\/types\/page"}],"author":[{"embeddable":true,"href":"https:\/\/zoldfas.hu\/index.php?rest_route=\/wp\/v2\/users\/1"}],"replies":[{"embeddable":true,"href":"https:\/\/zoldfas.hu\/index.php?rest_route=%2Fwp%2Fv2%2Fcomments&post=75"}],"version-history":[{"count":68,"href":"https:\/\/zoldfas.hu\/index.php?rest_route=\/wp\/v2\/pages\/75\/revisions"}],"predecessor-version":[{"id":1652,"href":"https:\/\/zoldfas.hu\/index.php?rest_route=\/wp\/v2\/pages\/75\/revisions\/1652"}],"wp:attachment":[{"href":"https:\/\/zoldfas.hu\/index.php?rest_route=%2Fwp%2Fv2%2Fmedia&parent=75"}],"curies":[{"name":"wp","href":"https:\/\/api.w.org\/{rel}","templated":true}]}}